
Suppose -4*d + 667 = -425. What is the remainder when d is divided by 61?
29
Suppose 3*s - 7*s - 25 = -5*w, 10 = -4*s + 2*w. Suppose -4*z = -s*m - m - 68, 5*z - 102 = -3*m. Calculate the remainder when 71 is divided by z.
17
Suppose -k - 5*d = -3*d, -8 = -3*k + 2*d. Suppose -3*z + 126 + 51 = 4*a, 0 = k*z - 6. Suppose -2*o + 8 = -a. Calculate the remainder when o is divided by 7.
4
Let v be -34 + (-1)/(-2)*6. Suppose -2*k + 349 = 5*u + 2*k, -4*u + 2*k + 300 = 0. Let i = u + v. What is the remainder when i is divided by 11?
9
Let t(g) = -3*g - 4. Suppose 4*x = 3*a + 31, -2*a + 2*x = 2*a + 28. What is the remainder when 10/(-15)*(-63)/2 is divided by t(a)?
10
Let s = -30 + 43. Suppose 4*o = 8 + 128. What is the remainder when o is divided by s?
8
Suppose 3*i + 7*i - 990 = 0. Let u(b) = -b**3 - 4*b**2 + 2*b + 10. Calculate the remainder when i is divided by u(-5).
24
Calculate the remainder when 25 is divided by ((-9)/((-441)/(-28)))/((-4)/42).
1
Let u = 70 + 32. Let q be (-935)/6 - (-2)/(-12). Calculate the remainder when u is divided by q/15*10/(-4).
24
Suppose 4*m + 14 = 2*m + 2*a, 0 = -4*a + 20. Let t be -1 - (5 + -3)/m. Suppose -45 = -t*z - 3*z. What is the remainder when 59 is divided by z?
14
Suppose 2*q + d - 207 = 97, 594 = 4*q - 5*d. What is the remainder when q is divided by 81?
70
Suppose q - 2*q + 2 = 0. Suppose m - 5*x = 72, -2*m - q*x = -7*x - 119. Let b(r) = r**2 - 13*r + 38. Calculate the remainder when m is divided by b(11).
15
What is the remainder when 910 is divided by 21/14*(7 + 9)?
22
Suppose -629 = -32*s + 587. Let h(y) = -39*y - 4. Calculate the remainder when h(-3) is divided by s.
37
Suppose -5241 = -12*a + 147. What is the remainder when a is divided by 13?
7
Suppose 0 = -t + 4*y - 1, 2*t + 2*y + 3*y + 67 = 0. Let g = -19 - t. Calculate the remainder when g is divided by 1.
0
Suppose 2*r - 2*m = 6*r - 252, m - 64 = -r. What is the remainder when r is divided by 33?
29
Let q(r) = r**3 - 2*r**2 + 12*r - 8. Calculate the remainder when 70 is divided by q(3).
33
Suppose -23 = -2*v + 3. Suppose b + 3*b + 120 = 0. What is the remainder when v is divided by b/(-4)*(-10)/(-15)?
3
Calculate the remainder when 135 is divided by 1*(4 - -6)*4.
15
Suppose d = -v + 72, 6*d + 390 = 11*d - 5*v. Suppose 0 = -3*q + q + x - 85, -2*q = -4*x + 76. Let t = q + d. What is the remainder when t is divided by 11?
9
Suppose -37 = -25*s + 63. Let h(u) = 5*u**2 + u + 2. Let a be h(-3). Suppose a = 3*q + q. What is the remainder when q is divided by s?
3
Suppose 0 = -9*z + 8*z - 11. Let h = 32 + z. Calculate the remainder when 81 is divided by h.
18
Let p be (-1 + 34 - -1)/(0 - -2). Suppose 55 = -p*y + 22*y. Calculate the remainder when 20 is divided by y.
9
Suppose k + 0*q = -q + 34, 3 = q. Calculate the remainder when k is divided by 14*(-8)/2*(-27)/126.
7
What is the remainder when 95 is divided by (17/((-714)/(-72)))/(2/56)?
47
Let a(n) = -5*n**2 - 75*n + 2264. Let z = -2 + 4. Suppose -z*t + 4*t - 54 = 5*h, 2*t - 58 = 4*h. What is the remainder when t is divided by a(-30)?
9
Suppose i - 291 = -2*i. Suppose 227 = -7*o - 53. Calculate the remainder when i is divided by (-30)/o + 77/4.
17
Suppose -6*s = -2*s. Suppose 3*r - 5*r + 30 = s. Let m(p) = p**3 + 15*p**2 + 21*p - 8. What is the remainder when m(-13) is divided by r?
12
Suppose 21 - 56 = -5*x. Suppose -3*h - 12 = 0, 0 = -3*u + x*h - 3*h + 88. Calculate the remainder when 66 is divided by u.
18
Let q be 4/(-28) + 36/7. Suppose -4*j - 25 = -q*j. Let a = 17 + -10. Calculate the remainder when j is divided by a.
4
Suppose 18*j + 58 = 20*j - 4*d, j = -d + 47. Calculate the remainder when j is divided by 1/2 - (-58)/4.
11
Let j(g) = -g + 24. Suppose -3*f - 9 - 21 = 0. Let t = f - -30. Calculate the remainder when j(-15) is divided by t.
19
Suppose 4*m - 6*m + 220 = 0. What is the remainder when m is divided by (-6 + 14)/40*(1 + 184)?
36
Suppose -14*c - 5 = -131. Let n(a) = -2*a - 3. Let s be n(-3). Suppose 3*j = -k + 94, s*k + k = -8. Calculate the remainder when j is divided by c.
5
Suppose 0 = -16*n - 49 + 145. What is the remainder when 77 is divided by n?
5
Let a(i) = i**3 - 4*i**2 - 2*i - 5. Let z be (14/21)/(4/78). Suppose -f + 6 = -z. Calculate the remainder when f is divided by a(5).
9
Suppose 911*r + 95 = 916*r. What is the remainder when 313 is divided by r?
9
Suppose 5*c - 19 = -3*m + 18, 0 = -5*m + 4*c. Let g(v) = 2*v**2 - 2*v + 4. Calculate the remainder when 138 is divided by g(m).
26
Let c = -40 + 95. Let w = 80 - c. What is the remainder when w is divided by 7?
4
Let a(s) = -5*s**2 - s + 1. Let f be a(1). Let u be (-2)/f*5 - -2. Suppose 2*v = u - 2, -5*p = 3*v - 298. What is the remainder when p is divided by 15?
14
Let x(o) = 3*o**2 - 11*o - 8. Let b be x(-8). Suppose 3 = -c, -4*c - 165 = s + 22. Let d = s + b. Calculate the remainder when d is divided by 25.
22
Suppose -15 = 16*g - 17*g. Calculate the remainder when 1032 is divided by g.
12
Let q = -1065 - -1141. Calculate the remainder when q is divided by 29.
18
Let g be (56/20)/(-7)*50. Let s be (54/(-4) - 1)*-2. Let b = s + g. Calculate the remainder when 16 is divided by b.
7
Suppose -12 + 16 = 4*j. Let v = 2 + j. Suppose -i + 11 = v. Calculate the remainder when 15 is divided by i.
7
Let v(j) = -5*j - 6. Let b be v(6). Let f = b - -9. Let i = -5 - f. Calculate the remainder when i is divided by 8.
6
Let v = 1559 - 1492. Let t = 4 + 13. Calculate the remainder when v is divided by t.
16
Let r(q) = -q**2 + 9*q - 9. Let a be r(7). Suppose -s + a*j + 86 = 0, -j - 74 = -s - 0*j. What is the remainder when s is divided by 18?
17
Suppose -4*y + 22*m - 27*m + 343 = 0, -3*m = 2*y - 173. Suppose 4*j = -4*b + 176, 4*j + 38 = b + 2*j. Calculate the remainder when y is divided by b.
40
Let u(p) = -63*p - 99. What is the remainder when u(-3) is divided by 64?
26
Suppose 0 = 5*q - 0 + 15. Let i be q - (-21)/(6 + -3). Suppose -2*k + 14 = 5*l - 3*l, 4*l + 60 = i*k. What is the remainder when k is divided by 4?
3
Suppose -16 = -2*i + 16. Calculate the remainder when 639 is divided by i.
15
Suppose 295 = 5*d - 5*k, 2*k = -5*d - k + 311. Let c = d + -45. Suppose 127 = 3*p - 62. What is the remainder when p is divided by c?
15
Let a = -5 + 11. Let p be 6/8*16/a. Suppose -m = p*m - 96. Calculate the remainder when 61 is divided by m.
29
Let r(a) = 46*a**2 - 6*a - 4. Let d(o) = -4*o**3 + 3*o - 4. What is the remainder when d(-3) is divided by r(-1)?
47
Let j(w) = 5*w**3 - 17*w**2 + 27*w - 5. What is the remainder when 65 is divided by j(2)?
2
Suppose 5*i + 275 = 65. Let d = i - -61. Suppose -5*m = -2*p + 115, 0 = -49*p + 51*p + 2*m - 108. Calculate the remainder when p is divided by d.
17
Let c = 361 + -352. What is the remainder when 45 is divided by c?
0
Suppose 207 - 699 = -6*i. Calculate the remainder when 193 is divided by i.
29
What is the remainder when 274 is divided by 0 + 0 - 3 - (-13 - 136)?
128
Suppose -43*r + 5432 = 143. What is the remainder when r is divided by 18?
15
Let q(v) = 5*v**2 + 13*v + 7. Let o = 3 - -22. Suppose -2*y + o = -7*y. Calculate the remainder when q(y) is divided by 14.
11
Let t(a) = -5*a**3 + 2*a**2 + 2*a + 1. Let v be t(-1). Let i(s) = -7 + 3 - 3 - 4 + 2 + 3*s. What is the remainder when i(v) is divided by 5?
4
Suppose -67*a + 68*a = -4*l + 1200, -l - 5*a + 319 = 0. Calculate the remainder when l is divided by 12.
11
Suppose 3*c - 6 = -3*w, w = 3*c + 4 - 14. Suppose -c*h + h = -84. What is the remainder when h is divided by 11?
9
Suppose -5*q + 4*d = -140, -5*d + 153 = 3*q + q. Let a = 111 + -50. Suppose k = 34 + a. What is the remainder when k is divided by q?
31
Suppose -101*z = -105*z + 16. Suppose -z*w + 12 = 0, -4*w = -4*g - 9*w + 55. Let n(t) = -3*t - 5. What is the remainder when g is divided by n(-4)?
3
Let f(q) = 7*q**3 - 2*q**2 - q + 2. Let m = 43 - 42. What is the remainder when 38 is divided by f(m)?
2
Let t be (-1 - -3)/((-8)/44). Let o = -6 - t. Calculate the remainder when 32 is divided by o.
2
Suppose 0 = 12*v - 15*v + 24. Calculate the remainder when v is divided by 2.
0
Calculate the remainder when 93 is divided by (2/(-1))/((5/(-12))/5).
21
Let r = -134 - -163. Let l = -4 + 58. Calculate the remainder when l is divided by r.
25
Let h(p) = p + 43. Let m(g) = -g. Let o(c) = -25. Let n(q)